f 533?
True
Is 12 a factor of 17390?
False
Is 3668265 a multiple of 9?
True
Is 599764 a multiple of 11?
True
Is 927881 a multiple of 15?
False
Is 12109 a multiple of 181?
False
Is 6396258 a multiple of 24?
False
Does 340 divide 394555?
False
Is 74375 a multiple of 43?
False
Is 963 a factor of 854246?
False
Is 136 a factor of 905722?
False
Is 30804 a multiple of 37?
False
Does 13 divide 171863?
False
Is 2236650 a multiple of 806?
True
Is 139 a factor of 392119?
True
Is 52650 a multiple of 12?
False
Does 750 divide 3362525?
False
Does 236 divide 1529514?
False
Is 18 a factor of 4374?
True
Does 3 divide 250020?
True
Is 2139675 a multiple of 44?
False
Does 7 divide 255439?
False
Is 1934860 a multiple of 890?
True
Does 25 divide 10500200?
True
Is 281372 a multiple of 14?
True
Is 9 a factor of 1597842?
True
Is 169 a factor of 1364506?
True
Is 363944 a multiple of 67?
True
Is 119972 a multiple of 35?
False
Is 705870 a multiple of 23?
True
Does 103 divide 2284118?
False
Is 6441670 a multiple of 542?
True
Is 1601447 a multiple of 218?
False
Does 79 divide 3652752?
False
Does 5 divide 83278?
False
Does 72 divide 43373?
False
Does 14 divide 83986?
True
Does 23 divide 139587?
True
Is 8 a factor of 1022526?
False
Is 30 a factor of 914550?
True
Does 13 divide 487958?
False
Is 4748870 a multiple of 35?
True
Is 280890 a multiple of 314?
False
Is 25937993 a multiple of 10?
False
Is 168 a factor of 6618931?
False
Is 494 a factor of 190190?
True
Is 749584 a multiple of 176?
True
Does 714 divide 1921374?
True
Is 98848 a multiple of 16?
True
Is 57 a factor of 1485192?
True
Is 89 a factor of 281240?
True
Is 45320 a multiple of 8?
True
Does 287 divide 4236981?
True
Is 149715 a multiple of 9?
True
Is 728866 a multiple of 58?
False
Is 53 a factor of 609346?
False
Is 28 a factor of 10326148?
True
Is 18916014 a multiple of 93?
True
Is 8441583 a multiple of 16?
False
Does 5 divide 48060?
True
Is 491488 a multiple of 4?
True
Does 1204 divide 2155732?
False
Does 367 divide 68629?
True
Does 50 divide 29200?
True
Does 38 divide 21318?
True
Is 21 a factor of 389907?
True
Does 61 divide 200702?
False
Does 111 divide 291746?
False
Does 200 divide 167907?
False
Is 13 a factor of 9529348?
False
Does 93 divide 196323?
True
Is 23 a factor of 437414?
True
Does 42 divide 3366510?
True
Does 334 divide 1138728?
False
Is 254478 a multiple of 47?
False
Is 29 a factor of 191724?
False
Is 3292849 a multiple of 67?
True
Is 327443 a multiple of 21?
False
Is 59 a factor of 18463342?
True
Is 4265 a multiple of 4?
False
Is 30100 a multiple of 4?
True
Is 311805 a multiple of 9?
True
Is 17 a factor of 5904026?
False
Does 3 divide 29774?
False
Is 94 a factor of 2045547?
False
Is 75 a factor of 3772725?
True
Does 124 divide 242268?
False
Is 318 a factor of 3410550?
True
Is 1038862 a multiple of 103?
False
Does 79 divide 40047?
False
Does 56 divide 5997208?
True
Is 531062 a multiple of 88?
False
Does 14 divide 64003?
False
Is 19 a factor of 478477?
True
Is 103838 a multiple of 14?
True
Is 757940 a multiple of 21?
False
Does 63 divide 123039?
True
Is 18 a factor of 68490?
True
Is 858012 a multiple of 28?
False
Does 16 divide 320?
True
Is 49 a factor of 893515?
True
Is 3285260 a multiple of 1199?
True
Is 930032 a multiple of 69?
False
Is 655424 a multiple of 196?
True
Is 5745211 a multiple of 199?
False
Is 42 a factor of 643454?
False
Does 305 divide 65506?
False
Is 129 a factor of 152105?
False
Does 24 divide 11252?
False
Is 9 a factor of 1196772?
False
Does 16 divide 16064546?
False
Does 13 divide 7552555?
False
Is 45652 a multiple of 455?
False
Is 227 a factor of 3214093?
True
Does 497 divide 198426?
False
Is 585848 a multiple of 134?
True
Does 17 divide 4535196?
False
Does 357 divide 45696?
True
Does 19 divide 5966?
True
Does 158 divide 12206716?
False
Does 26 divide 16453219?
False
Is 9 a factor of 187047?
True
Does 15 divide 211349?
False
Is 111 a factor of 147630?
True
Does 10 divide 1430098?
False
Is 106 a factor of 262668?
True
Is 49380 a multiple of 5?
True
Is 305 a factor of 11524120?
True
Does 99 divide 132542?
False
Does 137 divide 105751?
False
Does 14 divide 7763426?
False
Is 209875 a multiple of 125?
True
Is 325707 a multiple of 151?
True
Does 13 divide 1020279?
True
Is 134 a factor of 1656740?
False
Is 2101778 a multiple of 17?
True
Does 27 divide 517698?
True
Is 1168053 a multiple of 629?
True
Does 863 divide 2008201?
True
Does 18 divide 6052619?
False
Is 91902 a multiple of 17?
True
Is 65640 a multiple of 547?
True
Does 38 divide 114532?
True
Is 91692 a multiple of 6?
True
Does 19 divide 63061?
True
Is 42160 a multiple of 20?
True
Is 9362811 a multiple of 28?
False
Does 14 divide 4014979?
False
Is 9582 a multiple of 64?
False
Is 14 a factor of 26506336?
False
Is 71 a factor of 12605979?
True
Is 216 a multiple of 52?
False
Is 44 a factor of 2027476?
True
Is 11 a factor of 1824086?
True
Is 291 a factor of 2028609?
False
Is 509078 a multiple of 180?
False
Is 51 a factor of 95547?
False
Does 208 divide 29494?
False
Does 9 divide 280584?
True
Is 136 a factor of 465342?
False
Is 682 a factor of 318250?
False
Is 6 a factor of 44333?
False
Is 383 a factor of 536282?
False
Is 468692 a multiple of 778?
False
Is 87 a factor of 4549333?
False
Is 63 a factor of 713973?
False
Does 205 divide 1272025?
True
Does 367 divide 714721?
False
Is 1885 a factor of 7923570?
False
Is 70 a factor of 327633?
False
Is 295 a factor of 5887399?
False
Does 490 divide 7319130?
True
Is 32053 a multiple of 133?
True
Does 610 divide 742980?
True
Is 40 a factor of 1661636?
False
Is 44 a factor of 2816?
True
Is 128563 a multiple of 40?
False
Does 18 divide 795204?
True
Does 4 divide 51056?
True
Is 10844638 a multiple of 14?
True
Is 72150 a multiple of 195?
True
Is 466261 a multiple of 87?
False
Is 235584 a multiple of 18?
True
Is 13013000 a multiple of 110?
True
Does 329 divide 348082?
True
Is 8658 a multiple of 13?
True
Does 156 divide 943317?
False
Is 297 a factor of 2012472?
True
Is 38056 a multiple of 134?
True
Does 5 divide 1478365?
True
Is 3 a factor of 172076?
False
Is 2364892 a multiple of 1102?
True
Does 31 divide 26629?
True
Is 165728 a multiple of 86?
False
Does 9 divide 456228?
True
Is 113 a factor of 575509?
True
Is 669770 a multiple of 5?
True
Is 306 a factor of 658462?
False
Is 2017760 a multiple of 26?
False
Is 18 a factor of 8286156?
True
Is 1640841 a multiple of 11?
False
Is 5 a factor of 208530?
True
Is 836750 a multiple of 25?
True
Is 1039941 a multiple of 153?
True
Does 144 divide 44352?
True
Does 316 divide 37288?
True
Is 3086096 a multiple of 601?
False
Is 62 a factor of 2239936?
True
Is 145103 a multiple of 5?
False
Is 913584 a multiple of 990?
False
Is 5 a factor of 33200?
True
Is 217200 a multiple of 15?
True
Is 252220 a multiple of 4?
True
Is 39 a factor of 130742?
False
Does 16 divide 507364?
False
Does 683 divide 3376765?
False
Is 12892 a multiple of 44?
True
Is 1921142 a multiple of 59?
False
Is 169849 a multiple of 3?
False
Is 14 a factor of 76594?
True
Is 12 a factor of 598524?
True
Is 1544980 a multiple of 10?
True
Is 23480364 a multiple of 504?
False
Does 115 divide 6314880?
True
Is 36761 a multiple of 3?
False
Is 87 a factor of 87957?
True
Is 2685359 a multiple of 41?
False
Is 9299 a multiple of 2?
False
Is 987816 a multiple of 79?
True
Is 14 a factor of 1194231?
False
Is 436395 a multiple of 42?
False
Is 21 a factor of 190733?
False
Does 23 divide 235842?
True
Does 702 divide 6070896?
True
Is 8 a factor of 47872?
True
Is 14697 a multiple of 2?
False
Is 9526268 a multiple of 15?
False
Is 17 a factor of 10779659?
False
Is 129 a factor of 552428?
False
Does 94 divide 80461?
False
Does 11 divide 392854?
True
Is 469 a factor of 5400535?
True
Does 19 divide 9850499?
False
Is 745467 a multiple of 35?
False
Is 1250242 a multiple of 7?
True
Is 2 a factor of 13761?
False
Is 14 a factor of 2123?
False
Is 553071 a multiple of 313?
True
Does 484 divide 2811556?
True
Does 194 divide 523825?
False
Does 82 divide 147322?
False
Is 16 a factor of 1012476?
False
Does 6 divide 410298?
True
Is 25 a factor of 238950?
True
Is 69 a factor of 1522968?
True
Is 274096 a multiple of 74?
True
Does 587 divide 11142701?
False
Is 5089716 a multiple of 276?
True
Is 37 a factor of 596752?
False
Is 474 a factor of